= 7*r**2 - 8*r + 10. List the prime factors of a(4).
2, 3, 5
Suppose -i = -2*r + 9, -4*r - 3*i + 2 = -21. List the prime factors of r.
5
Suppose 0 = -3*q + 7 - 1. Suppose -5*y = 0, -q*h + 3*h - 3*y + 3 = 0. List the prime factors of 14/21 - 34/h.
2, 3
Let t be -2 + (-3)/6*-10. Suppose 3*b = 5*j, -j - 3 = -t*b + 9. List the prime factors of j.
3
Suppose -497 = 7*v - 14*v. List the prime factors of v.
71
Let g = 100 + -31. List the prime factors of g.
3, 23
Let f(i) = -4*i**2 + 4*i**2 + i**2. Let u be (-6 - -7)/((-1)/3). List the prime factors of f(u).
3
Let d = -3 - 1. Let z(g) = g - 2. Let b be z(d). Let m = b - -11. What are the prime factors of m?
5
List the prime factors of -5*((-279)/15 - 4).
113
Let t be (-7)/(21/(-18))*1. Let o(s) = s**2 - 6*s. Let f be o(t). Suppose f*n - 5*n = -35. List the prime factors of n.
7
Suppose 0 = -u - 8 + 3. Suppose -2*g = -4*g - q + 7, 0 = 2*g + 2*q - 10. List the prime factors of (u/3)/(g/(-6)).
5
Suppose 3*w = 90 + 18. What are the prime factors of w?
2, 3
Let g(s) = -2*s + 6. Let c be g(4). List the prime factors of (3/c)/(9/(-174)).
29
Let b(i) = -i**2 + 7*i. Let h be b(7). Let v(j) = j**3 + 2*j**2 + 26. List the prime factors of v(h).
2, 13
Let g(o) = 4*o + 2*o - 1 - 4*o + 3*o**2 + 0*o. List the prime factors of g(1).
2
Let w(u) = -4*u. Let b be w(-5). Suppose b = -0*l - 4*l. Let f = l + 15. List the prime factors of f.
2, 5
What are the prime factors of (81/12)/(3/8)?
2, 3
Let z(v) = 12*v**2 + 3*v + 2. What are the prime factors of z(-4)?
2, 7, 13
Let a(o) = -o**3 - 16*o**2 + o + 20. Let m be a(-16). Suppose 21 + 19 = 2*x. Suppose 3*h = 4*c + 4*h - 25, 0 = -m*h + x. List the prime factors of c.
5
Suppose -3*g + 8*g - 20 = 0. Suppose 3*z = 4*n + 4, 0 = 4*z + 5*n - g + 9. Suppose 4*p - 3 = -5*y - z, -4*y + 2*p = -18. What are the prime factors of y?
3
Let n(d) = 0*d**2 + d + 2*d**3 - d**2 - 3*d**3 + 4. Let q = 10 + -10. What are the prime factors of n(q)?
2
Let a = 94 + 37. What are the prime factors of a?
131
Suppose 7*a = 3*a + 20. Let r(c) = -5*c + 1. Let o be r(-7). Suppose -a*m = -3*s - 43, -2*m + 4*s = 2*m - o. What are the prime factors of m?
2
Let k(l) = -l**2 - 9*l - 7. Let u = 5 + -2. Suppose -h + u*h + 12 = 0. List the prime factors of k(h).
11
Suppose -b = 3*b - 52. What are the prime factors of b?
13
Let b(w) = 2*w**3 - 5*w**2 - 4*w + 4. Let i be 3 + 1 - 2 - -2. Let t be b(i). What are the prime factors of (t/(-15) - -2)*-20?
2
Suppose -3 + 4 = f. Let y = -3 + f. Let i = y + 4. What are the prime factors of i?
2
Let c(s) = -2*s**2 + 4*s + 1. Let v be c(3). Let i = 7 - -2. Let r = v + i. List the prime factors of r.
2
Let n(z) = 2*z**2 + 18*z - 8. What are the prime factors of n(-15)?
2, 43
Let b be (-1)/4 + (-31)/4. Let q = 12 + b. Suppose 8 = 2*c + q. What are the prime factors of c?
2
Suppose 2*a + a + 1432 = 2*h, -3*h = -4*a - 1909. List the prime factors of 3/15 - a/10.
2, 3
Let y(c) = 7*c**2 + 6*c - 1. Let w(o) = 6*o**2 + 6*o - 2. Let l(q) = 6*w(q) - 5*y(q). What are the prime factors of l(-8)?
3
Let b = -1 + 3. What are the prime factors of (2 + 2)*(b - 1)?
2
Suppose 0*y = -3*y - 12. Let d = y - -8. List the prime factors of d.
2
What are the prime factors of 1/((0 - -4)/156)?
3, 13
Let p(c) be the second derivative of c**5/20 - c**4/12 - c**3/2 + c. List the prime factors of p(3).
3
Let b(k) = -8*k**3 + 2*k**2 - k - 1. List the prime factors of b(-2).
73
Suppose -2*i + 10 = -10. Suppose 0*t = 2*t - i. Let q(g) = g**2 - 3*g + 5. List the prime factors of q(t).
3, 5
Let n(h) = -5 + 5 - 2 - 8*h. Let s be n(-5). Suppose -s + 8 = -5*l. List the prime factors of l.
2, 3
Suppose -o - 5*v = -80, 3*o = -o + v + 278. List the prime factors of o.
2, 5, 7
Suppose -4*p - 64 = -8. What are the prime factors of p/(-4)*(-5 + 7)?
7
Suppose 0*y - 16 = 4*y. What are the prime factors of (-365)/(-25) + y/(-10)?
3, 5
Suppose 3*u = -2*u - 15. Let g = -3 - u. Suppose 4*k = -2*b + 78, g = k + 4*b - 8 - 15. What are the prime factors of k?
19
What are the prime factors of (-3*(6 - -11))/((-3)/8)?
2, 17
What are the prime factors of 1*-37*(4 - 5)?
37
Let c(u) = 5*u**2 + 2*u + 8. List the prime factors of c(-4).
2, 5
Let j(u) = u**2 + 6*u + 5. Let x be j(-6). Let y(o) = 11*o - 12. What are the prime factors of y(x)?
43
Suppose -4*h - 2 = -10, -4*h = -2*x + 8. List the prime factors of x.
2
Suppose -5*r = u + 8, -u - 2*r = -4*r - 13. Let g = u + 6. What are the prime factors of g?
13
Suppose 0 = 5*m + 3*b - 0*b - 13, 0 = -5*m + b + 29. Suppose 0 = 5*o + 4*g + m, 0 = 2*g - 2 + 12. List the prime factors of o.
3
Let b be 0/(-2) + (2 - 2). Suppose b + 7 = q. List the prime factors of q.
7
Let n(h) = h**3 + 4*h**2 + h + 3. What are the prime factors of n(-3)?
3
Let p = 77 - 11. Suppose -2*x = 8, -48 = -5*v + x + p. Suppose -k - 4 = 3*y + 5, v = 2*k - 2*y. What are the prime factors of k?
2, 3
Let i be 2/(3*(-2)/63). Let z = 64 + -35. Let k = i + z. List the prime factors of k.
2
Suppose -67 = -3*s + 8. Suppose 2*l - s = -3*l. Suppose -2*f + 4*v = -37 + l, 56 = 5*f - 2*v. What are the prime factors of f?
2, 5
Let x(m) = -m**3 - 8*m**2 - 8*m - 10. Suppose -3*a = -2*v + 17, 6*v - 2*v = -a - 15. Let w be x(a). Let c = w - -5. List the prime factors of c.
2
What are the prime factors of -1 + 4 - 0 - -38?
41
Suppose -2*x - 5*y + 102 = 0, x + y - 52 + 7 = 0. What are the prime factors of x?
41
Suppose -18 + 2 = 2*c. Let w = c - -25. What are the prime factors of w?
17
Let i be (-56)/10 + 4/(-10). Let o(m) = m**2 + 7*m + 8. Let b be o(i). List the prime factors of -33*(b - (-14)/(-6)).
11
What are the prime factors of 1*(17 - 2/(-1))?
19
List the prime factors of 4*1 + -24 + 82.
2, 31
Let l(d) = d**2 - 7*d - 2. Let y be l(11). Suppose 3*p + 6 = 0, 4*u - 2*p - p = y. What are the prime factors of u?
3
Let k = -5 + 11. Suppose -i + 23 - k = 3*l, -l + 3 = 3*i. List the prime factors of l.
2, 3
Let t be 0*((-5)/(-2) + -2). Suppose t = -k + 3 + 17. What are the prime factors of k?
2, 5
Let r = -9 + 9. Suppose 2 = z - r. List the prime factors of (z - 1)/((-2)/(-6)).
3
What are the prime factors of 2*-2 - (-18 - -5)?
3
Let k be (-25)/(-4) + 2/(-8). Suppose 4*f - 66 = -i + 3, 0 = 2*i + k. List the prime factors of f.
2, 3
Suppose s = -2*s - 15. List the prime factors of 82/10 - (-1)/s.
2
Let z = 5 - -8. What are the prime factors of z?
13
Let l(b) = -3*b - 4. Let j be l(-4). Suppose -j - 19 = -3*c. Suppose -2*i + c = i. List the prime factors of i.
3
Let s = -13 + 43. What are the prime factors of s?
2, 3, 5
Suppose -3*x - 2*a - 10 = 5, 3*x - 2*a = -27. Let r = x - -7. Let v = r - -6. List the prime factors of v.
2, 3
Suppose l + 6 = 4*l. Suppose -y + 4*y - 6 = -2*g, 0 = 2*g + 5*y - 10. Let v = g + l. List the prime factors of v.
2
Suppose 2*t = -z + 4, 0*t + 2 = t + z. What are the prime factors of -6 + 12 - (-2)/t?
7
Suppose 0 = -4*w, 0*w = 5*r - 3*w - 150. What are the prime factors of r?
2, 3, 5
Suppose 0 = -2*g - 3*g + 440. Suppose 0 = -3*j + g - 10. What are the prime factors of j?
2, 13
Let v(i) = 6*i + 4. List the prime factors of v(4).
2, 7
Let o = -11 + 17. List the prime factors of o.
2, 3
Let w = 1 + -3. Let u = -1 - w. What are the prime factors of (-3 - 2)*-2 + u?
11
Suppose 0 = 5*j - 47 - 83. What are the prime factors of j?
2, 13
Suppose -6*d + 82 = -3*d - 2*m, -3*m = 4*d - 81. List the prime factors of d.
2, 3
Let z = 18 - 8. What are the prime factors of z?
2, 5
Let u be ((-4)/1)/((-2)/5). Let j be (6/u)/((-5)/(-25)). Suppose w - 5*d = 31, j*w - 37 = -0*w + d. List the prime factors of w.
11
List the prime factors of (1 + 2)*632/12.
2, 79
Let i = 151 - -6. What are the prime factors of i?
157
Let m(w) = w**2 - 11*w - 3. Let v(g) = -g + 1. Let o(r) = m(r) - 3*v(r). Suppose 4*a = 3*j - 31, 4*a + 0 = -4. What are the prime factors of o(j)?
3
What are the prime factors of -4 + (-3 - -3) - -119?
5, 23
Let r(v) = -6*v - 2. Let x be r(-1). Suppose x = 14*m - 13*m. List the prime factors of m.
2
Let m(o) = o**3 + 9*o**2 + 8*o + 4. Suppose -2*b = -5*p - 9, -2*b + 1 = b - 5*p. What are the prime factors of m(b)?
2
Let a(r) = -5*r**3 + r**2 + 3*r - 9. List the prime factors of a(-3).
2, 3, 7
Let t(p) = 22*p + 28. List the prime factors of t(8).
2, 3, 17
Suppose -o + 2*f = 0, 0 = 4*o + f + f. Suppose -2*z = -t + 100 + 